ate -5 - -22 - (-35 + -4 + 90).
-34
What is the value of 10 - -1 - (20 - (80 + -48))?
23
Evaluate (0 - (-6 + 3 - 103)) + -9994 + 9986.
98
0 + 78 + (-1361 - -1327)
44
Calculate 2 + -116 + -3336 + 3345.
-105
Calculate -30 - ((187 - 188) + (-2 - -1)).
-28
What is 198 + -173 - (1 - -18)?
6
(32 - (1 + (-23 - -54))) + (-107 - 3)
-110
Calculate (8 - -2) + (27 - 74) - -69.
32
What is the value of -67 + (-48 + 51 - -28)?
-36
What is the value of 126 + -108 - (15 - (-11 - -6))?
-2
(10 + -22 + -2 - -24) + (-60 - 4)
-54
Evaluate (-3 - 9) + -12 + 1 - (-6 - 0).
-17
What is the value of -26 + 4 + (-132 - -156) + 82?
84
Evaluate (-29 - ((-2 - (-5 - -5)) + -7) - 5) + -7.
-32
Evaluate -3 + -3 - -18 - (12 + (-24 - (4 - -2))).
30
What is the value of (4 - -39) + (0 - (4 - 1) - (-143 + 151))?
32
What is 0 + -48 + (-43 - 22 - -57) - 14?
-70
What is the value of -9 + 14 - 14 - (-7 + 26)?
-28
Calculate 8 + ((0 - 2) + 96 + -71 - 4).
27
What is -4 + -6 + 7 + 2 - (-81 + 1 + -1)?
80
What is -14 - (-3 - (-18 - -1) - (60 - 1 - 23))?
8
Calculate (-10 - -58) + -381 + 353.
20
What is -279 - -272 - (21 - 131)?
103
What is the value of -7 + 8 - (38 + -43 + 35)?
-29
Calculate 50 - (20 + 12 + -10 + -8 + 6).
30
Calculate 12 - (314 + -334 - (9 + (-2 - 0))).
39
What is the value of 1174 + -1124 + (0 - 38)?
12
What is -13 - (-14 + 38 + -6 + -6)?
-25
Calculate -31 + 41 + 37 - 28.
19
Calculate 0 - (56 - 4) - (94 - 90) - 14.
-70
4 - 0 - 0 - -8 - (16 + -12) - 39
-31
Evaluate -16 - (1 + -7 - (81 + 4 - 82)).
-7
Evaluate 1 + 7 + (47 - (-9 - -52 - 45)).
57
What is -13 + 8 + 0 + -8 + 37 + -1?
23
What is (-2 + (1 - 9 - -4) + 1 - 54) + 2?
-57
-23 - (-20 + 10) - (-103 + 85)
5
What is the value of 54 + (-39 - 9) - (-3 + 0 - 61)?
70
What is the value of 10 + -15 + (13 - (20 + -15)) + 61?
64
What is 50 - (-26 + (-23 - (-36 - -8)))?
71
Evaluate -6 - ((0 - (6 - (2 + 14) - -6)) + 70).
-80
Evaluate (-238 - -116) + 44 - -169.
91
Evaluate -52 + 80 + (77 - 53).
52
What is the value of 17 + 0 - (15 + -63 + 12 + -8)?
61
Evaluate -28 + -20 + -6 + 39.
-15
What is 3 - (-16 + (-16 - -163) + -13) - -17?
-98
Calculate 17 + (16 - -43) - (7 + -4).
73
What is the value of 1 + 5 + -13 + (-53 - -9) + 33?
-18
Calculate 15 - (-4 + 30 + 3).
-14
Evaluate 4 - ((270 - 243) + (2 - 2) + 15).
-38
Evaluate (-136 - -118) + 4 + -9.
-23
What is the value of -36 + (-1 + 147 - (43 + -18))?
85
What is the value of -1 - 7 - (64 - (-29 - (-55 + -15)))?
-31
4 + (-5 - 2) + (45 - (14 + 19))
9
Evaluate 48 - (8 - -26 - -28).
-14
Evaluate -5 + 2 + (2462 - 2529).
-70
Evaluate 53 + (26 - (36 - (-7 + 10))).
46
Evaluate -98 + 20 + (-21 - -39) - (7 - 0).
-67
1 - 4 - (4 + (-6 + 13 - 8) + -5)
-1
What is the value of (1 - -25) + -23 + -27 + (10 - -28)?
14
Calculate 6 - -2 - (-89 - -43).
54
Calculate 11 + 34 + 51 + -64.
32
Evaluate 78 + (238 + -142 - 77).
97
What is the value of -14 + -2 - (14 + -14) - -68?
52
What is 55 + (37 + -121 - -30)?
1
What is 7 + (-4 + 28 + -14 - 2)?
15
Evaluate 32 - 9 - (12 - -9) - 43.
-41
What is 15 - (0 - -12) - (-35 + -9)?
47
Calculate 2 + -1 - 1 - (-137 - -71 - -99).
-33
What is the value of 345 + -368 - (-54 - -5)?
26
Evaluate (-1 + 1 - -13) + (8 - -5 - -44 - 117).
-47
Evaluate (4 - (-18 - -64)) + 76.
34
Calculate -6 + -1 + 13 - -5 - (92 + -38).
-43
What is (4 - -3) + 5 + -14 + 54 + -3 + -1?
48
What is the value of -156 - (65 + -95 - -3)?
-129
What is (0 - 6) + (23 - 12) + -10 + -8?
-13
663 + -659 + -3 + -5 + 4 + -11
-11
What is -32 + (-3 - -17) + 20 + (14 - -93)?
109
What is the value of 3 + -26 + -20 + 21 - -21?
-1
(9 - 24) + 19 + -8 + (-1 - -54)
49
What is (-42 - -35) + -63 - -121?
51
Calculate 1 + -15 + -83 + (13 - -74).
-10
What is the value of 21 + (18 - 4 - (126 + -117))?
26
0 + -2 - (-65 + 6 - -58)
-1
What is the value of -7539 + 7458 - (-104 + 1)?
22
Evaluate 15 + -29 + (-11 - -19) + -13.
-19
Calculate -5 - (13 + 9 + -14 - 4 - -27).
-36
What is -55 - (-73 - 85 - -7)?
96
What is the value of (-4 + 23 - 12) + -1 + 68 - -1?
75
What is 36 + -1 + 2240 + -2232?
43
What is the value of 21 - -19 - 27 - (0 - 7)?
20
What is -45 + 180 + -162 - -118?
91
Calculate -8 + (-43 - (5 + 39 + -190)).
95
What is -14 + 71 + (35 - 140)?
-48
-2 + 12 - (36 + (-9 - (7 + 1)))
-9
What is the value of 111 - (1 + 69 + 86)?
-45
(-16 - ((7 - 11) + 28)) + 19
-21
What is the value of 7 + (-14 - -6) + 7 + -85 + 18 + -11?
-72
What is -21 + (0 - 20 - -28 - -42)?
29
Evaluate 17 + 1 - ((42 - 59) + 91).
-56
Evaluate -6 + 0 + 181 + -160.
15
Evaluate 2 + (3 - 0 - 9) + (162 - 159) + 79.
78
Evaluate 27 - (-26 - (-40 - (-23 + 18))).
18
Evaluate (-2 - 1) + (0 - (2 + -13)) - (5 - 10).
13
Evaluate 0 + -4 - (14 + (17 - (-8 - (-83 - -2)))).
38
What is the value of -13 - (-20 - 32 - -24)?
15
Calculate (-13 - (-1 + -33)) + -31 - (-1 + 5) - 10.
-24
-3 + -258 + 239 + (-1 - -8) + -27
-42
Calculate -2 + 3 + (15 - -4) + (34 - 16) + -16.
22
Evaluate -83 + 74 + 52 + -78.
-35
What is -102 + 139 + -18 + -2?
17
Evaluate 1 - 21 - (2794 + -2759).
-55
What is the value of -2 + -33 + -1459 + 1495?
1
(0 - (54 + -13)) + 9 + -22 - (-8 + -2)
-44
Evaluate (-1 - -15 - (53 + -52)) + -2 + 36.
47
11 + 7 + 5 + -16 + (7 - 15 - 80)
-81
What is -20 + (-23 - 39 - -13 - -6) - (2 + -2)?
-63
What is the value of 13 - (-12 + (2 - -1) - (756 - 765))?
13
What is -5 + -11 + -6 + 11 - (65 - 5)?
-71
What is the value of (-7 + 3 - -4) + (-1 - 11) + (751 - 755)?
-16
-1 + 27 + 1 + 1 + 268 + -279
17
What is the value of 3 - 2 - (9 - -37 - 50)?
5
What is 12 - 3 - (-13 - (133 - 89))?
66
Evaluate (0 - -2) + -1 + -10 - (95 + -48 - 64).
8
What is 57 + 6 + -1 + (-25 - (12 + (-18 - 5)))?
48
(18 - 11 - (1 - -1)) + 8 - 34
-21
Evaluate -13 - (8 + 0 - -1 - (89 - 72) - -12).
-17
What is the value of (66 - 110) + -57 + 46?
-55
(-128 - -148) + 82 - -33
135
Calculate (-6 - -11) + 29 + -17 + -3 + 0 + -1.
13
(40 - (27 - -12)) + -24 + -34
-57
What is the value of -28 + (-21 - (2 - 56)) - -111?
116
What is the value of (-1 - -10) + (3 - (-89 - -83))?
18
Calculate (-26 + -11 + (12 - -2) - 2) + 4.
-21
What is the value of (16 - (10 + -17)) + (-8 - -3 - 122)?
-104
Evaluate 19 - 3 - (24 + 70 - 48).
-30
What is the value of 28 + (13 - (12 - (-30 + 20)))?
19
What is (-24 - -21 - 5) + (7 + -2 - -13) - 35?
-25
197 + 20 + -220 - (-33 - 0)
30
What is -14 + 17 + -52 - (-3 - (-15 - -12)) - -4?
-45
(0 - 4) + (-11 + 14 - (-7 + 12 + -4))
-2
What is the value of 63 + -7 + (3 - 18) + 15 - 1?
55
What is 41 + -2 + 6 + (9 + -9 - 6)?
39
What is 20 + -13 + -4 - (18 + -5) - (-123 + 1)?
112
What is 6 + (1 - -54) + -40 + (6 - -23)?
50
What is the value of -22 + 27 + 58 + -43?
20
What is the value of (-5 - -6) + 149 - (-1583 + 1621)?
112
Evaluate (27 + -2 - (38 - 23)) + -7 - 5.
-2
(-97 - -90) + 3 + -1 + -2 + 56 + 2
51
1 + (-4 + -3 - (-30 - -23)) - (3 + -21)
19
Evaluate -5 + (26 + 6 - 90) + 24.
-39
Calculate (6 - ((-20 - (-12 + 8)) + 10)) + -12.
0
What is (7 - (-5 + -18) - 10) + -26?
-6
Calculate -178 - (-5 - (-60 + 33 - -66)).
-134
What is (3108 - 3127) + (-3 - -6 - 7 - -5 - 1)?
-19
566 + -559 - (1 - -81)
-75
What is 15 + 24 - (37 - 90 - -175)?
-83
Evaluate 58 + 11 - -28 - 212.
-115
What is the value of -135 - (-24 + 39 + -5 + -6 + 1 + -11)?
-129
32 - 14 - 68 - (-14 - 0)
-36
What is the value of 27 + (-81 - -87 - (-1 + -3 + -1)) + -10?
28
Calculate 109 + -100 + (-32 - ((-15 - -7) + 4)).
-19
Evaluate 68 + (45 + -104 - -40).
49
What is 47 + 3 + (2 - 1) + (-392 - -398)?
57
What is 48 + 2 + (2108 - 2118)?
40
What is the value of 3 + ((3 - -8 - 12) + -6 - -10) + 34?
40
-110 - (-34 - 19) - -1 - (1 + 0 + 1)
-58
What is -44 - (55 + -110) - -36?
47
What is the value of (-473 - -539) + 0 + -56?
10
Calculate (9 + -27 - -9) + (18 - 23) + -137.
-151
What is the value of 1 + -12 - (16 + -45 + -14 + 20)?
12
What is 18 + (-157 - (8 - 77))?
-70
What is the value of (4 - 33) + 19 - (137 - 90)?
-57
Evaluate 38 + -27 - 114 - (6 + -53).
-56
What is the value of 88 + (-142 - -64) - 57?
-47
What is the value of (-34 - (0 - (-14 + 18))) + 6?
-24
Evaluate (18 - 2) + 217 + -228 + 119.
124
Calculate (2 + -8 - (51 + -49)) + 3 + 67 + -4.
58
What is 15 + 36 + (319 - 333) + 2 + -7?
32
What is -21 + -49 - -23 - -88?
41
What is the value of (20 - 8) + 11 + (-8 + 14 - 15)?
14
Evaluate (8 - (12 + 46)) + 68.
18
Calculate 15 - (-66 - (-193 + 36)).
-76
What is (-22 + 2 - (3 + 1